 - (9 - 17)?
4
What is the tens digit of (-2568)/(-28) + (-2)/(-7)?
9
Suppose -2*z = 4*z + 84. Let h(g) = -g**3 - 13*g**2 + 12*g + 12. What is the tens digit of h(z)?
4
Suppose -12 = -5*r + 18. What is the tens digit of (142/(-3))/((-4)/r)?
7
Let u = 2 + -2. Suppose 4*m + 7 + 5 = u. Let k(l) = -7*l + 1. What is the tens digit of k(m)?
2
Let l(a) = -a**3 + 4*a**2 + 4. Let o be l(4). Let q(s) = 15*s**2 - 5*s + 2. Let n be q(o). Suppose -6*f = -0*f - n. What is the units digit of f?
7
Let o(t) = -6*t - 18. Let x be -2*(5 + -2 - 1). Let j be (-208)/(-24)*6/x. What is the units digit of o(j)?
0
Let c = 1167 + -1111. What is the tens digit of c?
5
Suppose -3*b + 57 + 3 = 0. Let d = 27 - 11. Let y = b - d. What is the units digit of y?
4
Suppose 3*n - 19 + 7 = 0. Suppose 0 = -n*y + 636 - 136. What is the hundreds digit of y?
1
Suppose 5*f = 3*m + 462, 5*m = -1 - 19. What is the tens digit of f?
9
Suppose 21*h + d - 1900 = 20*h, -2*h - d = -3798. What is the tens digit of h?
9
Let h(g) be the third derivative of g**5/60 + g**4/6 + 5*g**3/6 + 2*g**2. Let w be h(5). What is the units digit of w*(1 - (-4)/(-8))?
5
Let o = 125 - 121. Suppose -611 - 3 = -3*i - 2*m, -608 = -3*i + o*m. What is the hundreds digit of i?
2
Let k(a) = 40*a**3 + a**2 - 3*a + 2. Let l be k(1). What is the tens digit of (20 + 2)/(5/l)?
7
Suppose 304 = -4*y + 1044. What is the units digit of y?
5
Suppose -5*s + 12 = -3*j, -3*j = -5*s + s + 12. Suppose s = -y + 11 - 9. Suppose -3*x - y*x + 233 = -3*c, 4*x - 4*c = 180. What is the tens digit of x?
4
Let x(i) be the second derivative of 35/6*i**3 - i + 0 - 1/2*i**2. What is the tens digit of x(1)?
3
Let h be 12/54 - (-4)/(-18). Suppose 185 + h = 3*r + 5*o, -2*r + 3*o = -136. What is the units digit of r?
5
Let l(h) = -h**3 - 3*h**2 + 19*h - 20. What is the units digit of l(-9)?
5
Suppose 1884 = 5*p - 136. What is the hundreds digit of p?
4
Let k(z) = 7*z**2 + z - 56. What is the tens digit of k(-12)?
4
Suppose 0 = 10*r - 13*r + 12. Suppose v - 2*f - 800 = -3*v, 5*f = r*v - 812. What is the hundreds digit of v?
1
Let j(c) = 11*c**2 - 2*c + 2. Let h be j(5). Suppose 3*s = -5*f + h, 212 = 2*f + 2*f + 2*s. What is the tens digit of f?
5
Let x be (-469)/91 + (-4)/(-26). Let j(f) = f + 10. Let o be j(x). Suppose 0 = -2*i - 5*h + 13, o*i = 2*i + 4*h + 31. What is the units digit of i?
9
Suppose 5*p - 735 = 13500. Let k = 3 - 7. What is the units digit of k/14 + p/91?
1
Let v(k) = 22*k**2 + k - 3. Let j(w) = -2*w + 28. Let a be j(13). What is the units digit of v(a)?
7
Let u = 11001 + -7351. What is the thousands digit of u?
3
Suppose 6 = -8*p + 6*p, -3*u + 4*p = -4173. What is the hundreds digit of u?
3
Suppose -5*j = -6*j - 92. Let r = j + 154. What is the tens digit of r?
6
Let x = -186 + 205. What is the units digit of x?
9
Let j be (-27)/5 + 3/(-5). Let p be ((-148)/(-6))/((-4)/j). Let o = p - 18. What is the units digit of o?
9
Suppose -2*i + 1960 = 4*h, -i + 4935 = 4*i + 3*h. What is the tens digit of i?
9
Let s(g) = -12*g - 47. Let z be s(15). Let p = z + 350. What is the units digit of p?
3
Let a = -21 + 23. Suppose -a*x = -6*x + 64. What is the units digit of x?
6
Suppose 4*p + 474 = 5*f, -3*f - 5*p = 33 - 310. Let d = f + 149. Suppose -3*l = 5*x - 165, 6*l - x = 2*l + d. What is the units digit of l?
0
Let b(m) = -5*m + 16. Suppose 0 = -2*n - 3*t + 23, 0*n - 5*t + 29 = n. Suppose n*x = 7*x + 30. What is the units digit of b(x)?
6
What is the hundreds digit of 2/((1 + 1)/948)?
9
Suppose 5*w - 2*s - 1345 + 346 = 0, -2*s = 5*w - 991. What is the units digit of w?
9
What is the hundreds digit of (-6)/4*1040480/(-420)?
7
Suppose 5*m - 2*m = 48. Suppose -2*n + m + 22 = 0. What is the tens digit of n?
1
Let z be 3 - 1 - (11 - 14). Suppose -z*c - 188 = -9*c. What is the tens digit of c?
4
What is the hundreds digit of (-28)/28 + 118 + -3?
1
Let v(m) = -64*m**3 + 13*m + 59. What is the tens digit of v(-3)?
4
Let r(c) be the second derivative of -31*c**3/6 - c**2 - 15*c. Suppose -2*k - 3*o = 3*k + 25, 3*o + 17 = -k. What is the tens digit of r(k)?
6
Let j(f) be the first derivative of 2*f**3 - 3*f**2/2 + 7*f + 5. What is the units digit of j(4)?
1
Let i(h) = -3*h - 18. Let o be i(-7). Suppose 4*m - 3*z - 20 = 0, -5*z = 4*m - o*z. Suppose -m*q - 2 = 0, -4*q = -2*b - 69 + 171. What is the tens digit of b?
4
Let y = 3471 - 2373. What is the units digit of y?
8
Let y be (-278)/4*6/(-3). Let k = y + 11. What is the units digit of k?
0
Suppose 82*u - 136038 = 3*u. What is the units digit of u?
2
Let m(u) be the first derivative of -u**4/4 - 14*u**3/3 + 6*u**2 - 9*u + 3. What is the tens digit of m(-15)?
3
Let u(m) = -m**3 + m**2 - 2*m + 16. What is the units digit of u(0)?
6
Let a = -637 - -1170. What is the hundreds digit of a?
5
Let l(s) = s**3 + 9*s**2 + 6*s + 11. Let o(p) = 2*p**3 + 2*p**2. Let v be o(-2). What is the units digit of l(v)?
7
Suppose 0 = -3*n + n + 38. Let r = 202 - n. What is the tens digit of r?
8
Let g be 0/(-2 - 1) + 17. Suppose -16*d - 72 = -g*d. What is the units digit of d?
2
Suppose -3*n = -k - 7*n + 3426, 5*n = -k + 3429. What is the tens digit of k?
1
Let j(w) = w**3 - 9*w**2 + 3*w - 4. Let b be j(12). Suppose -7*o = 278 + b. Let p = -24 - o. What is the units digit of p?
2
Suppose 2*a + 4*k = 22, 4*a + 2*k = -0*k + 26. Let f = a + -11. Let g(i) = -11*i - 9. What is the units digit of g(f)?
7
Let a = -498 - -1596. What is the thousands digit of a?
1
Suppose -5*g = -2*a + 32, -48 = -3*a + g - 6*g. Suppose 2*o = -5*n + 11, 4*o + o - a = -n. What is the units digit of n?
1
What is the hundreds digit of (-10 + 11)*2334 + 3?
3
Let a be 0 + (8 - (-1 + 5)). Suppose -5*b + 35 = -5*o, -a*o + 5*b - 6*b = 23. What is the tens digit of 117*(16/o + 3)?
3
Suppose 41 + 193 = 3*z. What is the units digit of z?
8
Suppose 5*s - 11 = -4*t + 2, 5*t = -4*s + 5. Let v(l) = -l**3 + 6*l**2 + 5*l - 1. What is the units digit of v(t)?
5
Let s(i) = i**3 + 2*i**2 - 3*i + 2. Let h be s(-4). Let x = -17 - h. Suppose j - 6 = -x. What is the units digit of j?
5
Let s = 54 + -54. Suppose -v + 78 = -2*h, s*v - v + 98 = 2*h. What is the tens digit of v?
8
Suppose -68*p = -17065 - 69839. What is the thousands digit of p?
1
Let g be (-6)/(-8) + (-253)/44. Let x = g - 0. Let c(m) = m**3 + 6*m**2 + 3*m - 3. What is the units digit of c(x)?
7
Let w(n) = 2*n + 9. Let o(g) = -22*g**3 + g**2 - g + 1. Let q be o(1). Let l = q - -24. What is the tens digit of w(l)?
1
Let k = -5033 + 3223. What is the hundreds digit of (k/(-14) - 8/28)*1?
1
Suppose -j - 10 - 35 = 0. What is the units digit of (24/2)/((-10)/j)?
4
Let c(l) = 2*l**2 - 30*l + 11. What is the units digit of c(-28)?
9
Let p = 135 + -98. What is the tens digit of p?
3
Let q(m) = m**2 + 2*m + 1. Let k be q(-3). Let v be k/10*(24 + -4). Let o(b) = -b**3 + 8*b**2 + 4*b - 1. What is the tens digit of o(v)?
3
Suppose -30*t = -2*u - 29*t + 1068, 2*u + 2*t - 1062 = 0. What is the hundreds digit of u?
5
Let j(q) = -q**2 - 32*q - 4. What is the tens digit of j(-30)?
5
Suppose -2*j + 10 = -10. Suppose -6 = 2*w - j. Suppose 4*d + 208 = 4*b, 0*d + 46 = b + w*d. What is the tens digit of b?
5
Suppose 2*m + 1 - 5 = 0. Suppose 3*w - 6 = 2*c - 0, -m*w = 2*c + 6. Suppose w = 17*h - 15*h - 52. What is the tens digit of h?
2
Suppose 2*f - 4*t = 5*f - 19, -33 = -f + 4*t. What is the tens digit of f?
1
Let u(w) = -w**3 + 12*w**2 + 10. Let h be u(9). Let v = -134 + h. What is the tens digit of v?
1
Suppose 3*t - 352 = -t. What is the units digit of (4/(-8) - -1)*t?
4
Let m(v) = 3*v - 19. Let q be m(7). Suppose 4*p = -a + 216, -q*p + 5*a = -3*p + 54. What is the units digit of p?
4
Let v(c) be the second derivative of -c**5/20 - c**4/4 + c**3/2 + 3*c**2 - 33*c. Suppose -6*k + 2*k - 16 = 0. What is the tens digit of v(k)?
1
Let d = -46 - -672. What is the hundreds digit of d?
6
What is the units digit of (3680/50)/((-2)/(-10))?
8
Let y(z) = -21*z**3 + 4*z**2 + 8*z - 72. What is the tens digit of y(-5)?
1
Let k(x) = -x + 10. Let n be k(8). Let g be n*-1*52/(-8). Let t(h) = -h**3 + 12*h**2 + 14*h - 9. What is the units digit of t(g)?
4
Suppose 5145 + 2289 = 14*h. What is the tens digit of h?
3
Suppose 0 = 5*h + 5*v + 55, -2*h - 3*v + 2*v - 26 = 0. Suppose 4*m = 7 + 73. Let g = m - h. What is the units digit of g?
5
Let o = 68